)/d*(-3)/(-2).
2
Let f be -5*1/((-15)/117). Suppose 15 = -3*i + 8*i. Suppose 4*m + i = f. List the prime factors of m.
3
Let c(o) = 2*o**3 - o - 2. Let f(d) be the third derivative of -d**4/24 + 7*d**3/6 - 2*d**2. Let j be f(5). What are the prime factors of c(j)?
2, 3
Suppose 0 = 5*a - 6*a + 4. Suppose -u - 1 = -a. What are the prime factors of u?
3
Let w(k) = k**2 - 3. Suppose -21 = 3*z + c + 2*c, -10 = -5*z + 4*c. Let a be (0 + z)/1 - -5. List the prime factors of w(a).
2, 3
Let p be 14*1 - (0 - -3). Suppose 2*h = -n + p, 3*n + 27 = -2*h + 6*h. What are the prime factors of h?
2, 3
Let k = -43 + 62. List the prime factors of k.
19
Let p = -13 - -3. What are the prime factors of (-92)/p + 3/(-15)?
3
What are the prime factors of 2/(-3*(-3)/54)?
2, 3
Let t(d) = d**2 + 8*d + 10. List the prime factors of t(-7).
3
Suppose 6*m - 345 = 3*m. What are the prime factors of m?
5, 23
Suppose 6*n - n = -20. Let u be (40/14)/(n/(-14)). Let v = u + -2. What are the prime factors of v?
2
Suppose o + 2 = -o. List the prime factors of ((-9)/27)/(o/24).
2
Suppose m + 179 = 4*o, o - 2*m - 39 - 4 = 0. What are the prime factors of o?
3, 5
Let k(w) be the third derivative of -w**6/120 + w**5/10 + 3*w**4/8 - 5*w**3/6 - 2*w**2. Let j(r) = 2*r - 7. Let c be j(7). What are the prime factors of k(c)?
3
Let c(w) = -2*w - 8. Let b(j) = j + 7. Let f(h) = 3*b(h) + 2*c(h). Let i be f(0). What are the prime factors of (5/i)/(2/4)?
2
Suppose -25 + 75 = v. What are the prime factors of v?
2, 5
Let h(o) = o**3 - 7*o**2 - o - 6. Suppose 8*n - 48 = 2*n. What are the prime factors of h(n)?
2, 5
Let l be (-126)/(-10) + (-4)/(-10). Let v(n) = -n**2 - 4*n - 9. Let x be v(-4). Let b = l + x. What are the prime factors of b?
2
Suppose 0 = -2*t - 5*w + 47, -1 = -2*t + 3*w + 6. What are the prime factors of t?
11
Suppose -228 - 3 = -3*s. What are the prime factors of s/6 + 1/6?
13
Suppose -4*z - 2*c = -76, 0 = -2*c - 1 + 9. Suppose -b = 3*i - z, -i - 16 = 4*b - 8*b. Let d = i - -4. What are the prime factors of d?
2
Suppose -3*z = -2*z - 82. List the prime factors of z.
2, 41
Let x(v) = v**3 + 4*v**2 - 4*v - 1. What are the prime factors of x(-3)?
2, 5
Let x be 3 - (0/(-2) - 2). Suppose n = x*h - 3*n - 53, -4*n = -h + 1. List the prime factors of h.
13
Let m(t) = -14*t**2 - t - 1. Suppose -2*c - 8 = -0*c. Let l(u) = -27*u**2 - 2*u - 2. Let y(x) = c*l(x) + 7*m(x). What are the prime factors of y(-1)?
2, 5
Let r be 6/(-2) + 0 + 13. Suppose 5*f + 5 + r = 0, -3*q + 4*f = -84. List the prime factors of q.
2, 3
Let y = 3 + -2. List the prime factors of 9 - 2/(y + 1).
2
Suppose 5*c - 6 = 79. Let a = 32 - c. List the prime factors of a.
3, 5
Let c = -18 - -25. Suppose c = b - 11. What are the prime factors of b?
2, 3
Let f(y) = -3*y**2 - 7*y - 6. Suppose 0 = -2*a + 7*a + 10, -3*t - 3*a = 18. Let h be f(t). Let i = h - -38. List the prime factors of i.
2, 3
Let b = 33 + -60. Let g = -18 - b. What are the prime factors of g?
3
Suppose 0 = 2*f - 3*f + h + 17, -h = 5. Suppose -8 - f = -4*n. List the prime factors of (n/15)/((-1)/(-6)).
2
Suppose -4 = -4*i + 8. Suppose 10 + 3 = 2*a + 3*q, q + i = 3*a. List the prime factors of a.
2
Let q be 2 + ((-1)/(-1) - -1). Suppose h + 8 = -3*j, 24 = -q*h + h - j. List the prime factors of (6/h)/(2/(-32)).
2, 3
Suppose -27 = -w - u, 0 = 4*w - 0*u - u - 83. Let s = -11 + w. What are the prime factors of s?
11
Suppose 4*f = -2*l + 64, -4*f + 4*l = -3*f - 7. Let m = f + -5. What are the prime factors of m?
2, 5
Let u be (8/4)/((-2)/(-3)). Suppose 26 + u = r. List the prime factors of r.
29
Let z(j) = -4 + 9*j + 4. Let x be z(1). Suppose 5*l - 44 = -x. What are the prime factors of l?
7
Let g(y) = -7*y**3 + 13*y**2 - 6*y - 11. Let z(n) = -13*n**3 + 26*n**2 - 11*n - 23. Let k(a) = 11*g(a) - 6*z(a). What are the prime factors of k(13)?
17
What are the prime factors of 24 - -1 - (1 + 0)?
2, 3
Let g = -77 - -44. List the prime factors of 5*g/(-45)*3.
11
Suppose 3*j = -0*j + 48. Let f = -8 + j. What are the prime factors of f?
2
Let v be 3 + 2*(-1)/2. Suppose a + 2*x - 12 = 0, a = -a + v*x + 30. What are the prime factors of a?
2, 7
Let u(i) = i**2 + i + 1. Let f be u(-1). Let m be -1 + f - 0/(-1). Suppose -5*d + j + 51 = m, -3*d + 2*j + 22 = -d. List the prime factors of d.
2, 5
Let x(n) = 2*n + 4. What are the prime factors of x(3)?
2, 5
List the prime factors of (-437 - (4 + -5))/(-2).
2, 109
Let y be (36/(-15))/((-3)/30). Suppose p + 8 - y = 0. List the prime factors of p.
2
Let q = -4 + 6. Suppose 6 = -q*r - 2. Let y = 7 + r. List the prime factors of y.
3
Suppose -6*a - 2*a + 1160 = 0. List the prime factors of a.
5, 29
Let i be 68/(-5) + (-2)/5. Let l = 50 + i. List the prime factors of l.
2, 3
Let z = 317 - 170. List the prime factors of z.
3, 7
Suppose i - 3*i + 112 = 0. Suppose 4*x - 20 - i = 0. What are the prime factors of x?
19
Let f(r) = r**3 + 4*r**2 + 4*r + 2. Let g be f(-2). Let p(t) = 19*t - 6. Let m be p(4). Suppose -7*d + m = -g*d. What are the prime factors of d?
2, 7
Suppose 0 = 4*n + p - 33, -p - 10 = -5*n + 4*p. Suppose 2*x - n = 13. Suppose 2 - x = -h. What are the prime factors of h?
2
Let r be 5/7 - 2/(-7). Suppose -3 = -4*l + r. What are the prime factors of -1 - (-1 + l) - -6?
5
Let t = -18 + 32. Suppose 0 = 2*m - t. List the prime factors of m.
7
Let o(s) = -3*s + 7. Let q be o(-6). Let t = -16 + q. Suppose -4*i = -n - 60, -17 = -i + 3*n + t. What are the prime factors of i?
2, 7
Let s(x) = x**2 - 5*x + 10. List the prime factors of s(9).
2, 23
What are the prime factors of (0 - -657)*(-4)/42*-7?
2, 3, 73
Suppose -4*o + 320 = x + x, -2*o = -4*x + 640. Suppose -n = 3*n - x. Suppose c = -4*q + 25, q + 0*q - n = -4*c. List the prime factors of c.
3
Let p(s) = -6*s + 20. Let i be p(13). Let r = i + 101. What are the prime factors of r?
43
Let w be 2/(-2)*(-2 + 0). Suppose 2*z - 35 = -5*c, w*c - 10 = -3*z + 3*c. What are the prime factors of z?
5
Let j be -1*(1 - 3/3). Suppose 0 = 2*a + 3*a - 2*b - 31, j = -4*a + 4*b + 32. List the prime factors of a.
5
Let g(z) = -1 + 2*z - 5*z - 1 + z. Let x(m) = m**3 - 5*m**2 + 3*m + 4. Let r be x(3). What are the prime factors of g(r)?
2
Let c = 16 - -16. Suppose -b = b - c. What are the prime factors of b?
2
Suppose -12 = 4*q, -3*n + 5*q + 45 = q. What are the prime factors of n?
11
Suppose 1350 = 4*m - 3*x - 0*x, 4*x + 1016 = 3*m. List the prime factors of m.
2, 3, 7
Suppose -1 + 3 = -2*d. Let s be 38/(-4)*(d - 1). Suppose -9 = -2*p + s. List the prime factors of p.
2, 7
Suppose -3*z = -z - 228. Suppose z = 7*y - 5*y. What are the prime factors of y?
3, 19
Let b(z) = -z**3 - 6*z**2 - 6*z + 1. Let u(j) = -4*j + 1. Let l be u(1). Let g be 28/(-6) + l/9. What are the prime factors of b(g)?
2, 3
Suppose 53 - 296 = -3*z. Suppose 3*h + 4*a + 112 = 7*h, -2*a = -3*h + z. What are the prime factors of h?
5
Suppose -8*o + 3*o + 340 = 0. What are the prime factors of o?
2, 17
Let o(f) = 1 + f**2 + 1 + 1 - 5*f. Let b be o(5). Suppose -2*n = 2*c - 26, -2*n = -0*n - b*c - 16. What are the prime factors of n?
11
Suppose 0 = 3*o + 2*o - 5. Let c = o + -12. Let l = 19 + c. List the prime factors of l.
2
Let z be 12/2*(-36)/(-27). Let g = z - 3. List the prime factors of g.
5
Suppose c + 5*z + 4 = 0, -c - z = 2*c - 58. List the prime factors of c.
3, 7
Suppose 5*c = c + 36. Suppose -g = -1, -2*j + 5*g = -c - 14. List the prime factors of j.
2, 7
Let l be ((-8)/(-5))/(6/45). Let d = 18 - l. Suppose b + 15 = d*b. What are the prime factors of b?
3
Suppose 4*r = 3*r - 5. Let b = r + 3. What are the prime factors of 11/b*(1 + -3)?
11
Let i(z) = -z**3 - 9*z**2 - 10*z - 11. Let j be i(-8). Suppose j*w + 2*p = -3*p + 155, 5 = p. What are the prime factors of w?
2, 13
Let y(w) = -3*w - 5. Let u be y(-6). Suppose 3*o - 2*o - u = 0. List the prime factors of o.
13
Let d(k) = -15*k - 33. List the prime factors of d(-20).
3, 89
Let h be (3/2)/((-1)/(-28)). Let c = h + -21. List the prime factors of c.
3, 7
List the prime factors of 1/(-4) - (-101)/4.
5
Suppose 3*g - 27 = 657. List the prime factors of g.
2, 3, 19
Let h(v) = v**2 + 7*v + 5. Let u be h(-7). Suppose -u*b = -g - 13, g = -b - 0 + 5. What are the prime factors of (20/(-1))/(b - 5)?
2, 5
Suppose 9*f + 417 = 1101. List the prime factors of f.
2, 19
Suppose 2*v - 392 = -